41.
19
What is the remainder when 85950 is divided by 16?
14
Calculate the remainder when 2309552 is divided by 59.
56
Calculate the remainder when 977694 is divided by 63.
60
What is the remainder when 13847 is divided by 4535?
242
Calculate the remainder when 1273 is divided by 548.
177
What is the remainder when 655 is divided by 160?
15
Calculate the remainder when 23501 is divided by 1819.
1673
Calculate the remainder when 34266 is divided by 647.
622
What is the remainder when 887 is divided by 417?
53
Calculate the remainder when 12428 is divided by 84.
80
What is the remainder when 2165846 is divided by 50?
46
What is the remainder when 19039 is divided by 1583?
43
Calculate the remainder when 66335 is divided by 684.
671
What is the remainder when 10802 is divided by 19?
10
What is the remainder when 13048 is divided by 4102?
742
Calculate the remainder when 56176 is divided by 10.
6
Calculate the remainder when 11317 is divided by 1689.
1183
What is the remainder when 329997 is divided by 528?
525
Calculate the remainder when 1920 is divided by 549.
273
Calculate the remainder when 2327 is divided by 465.
2
What is the remainder when 1053 is divided by 483?
87
Calculate the remainder when 8537 is divided by 395.
242
Calculate the remainder when 79873 is divided by 79841.
32
What is the remainder when 699290 is divided by 42?
32
Calculate the remainder when 384637 is divided by 640.
637
What is the remainder when 57701 is divided by 78?
59
What is the remainder when 8274 is divided by 148?
134
Calculate the remainder when 128055 is divided by 42677.
24
What is the remainder when 48080 is divided by 19?
10
What is the remainder when 1940 is divided by 46?
8
What is the remainder when 8168 is divided by 73?
65
Calculate the remainder when 1910 is divided by 631.
17
Calculate the remainder when 4331 is divided by 735.
656
What is the remainder when 5404 is divided by 1778?
70
What is the remainder when 4194 is divided by 84?
78
Calculate the remainder when 2911 is divided by 1037.
837
What is the remainder when 2719 is divided by 299?
28
Calculate the remainder when 17895 is divided by 3534.
225
What is the remainder when 2722 is divided by 195?
187
What is the remainder when 548 is divided by 489?
59
What is the remainder when 5402 is divided by 455?
397
Calculate the remainder when 1756 is divided by 109.
12
Calculate the remainder when 12898 is divided by 3166.
234
What is the remainder when 2418 is divided by 416?
338
What is the remainder when 4350 is divided by 907?
722
Calculate the remainder when 49372 is divided by 49371.
1
Calculate the remainder when 66458 is divided by 568.
2
What is the remainder when 34155 is divided by 4?
3
Calculate the remainder when 985 is divided by 342.
301
Calculate the remainder when 17573271 is divided by 243.
240
What is the remainder when 503 is divided by 216?
71
What is the remainder when 9360 is divided by 195?
0
Calculate the remainder when 107588 is divided by 53.
51
Calculate the remainder when 4424 is divided by 546.
56
Calculate the remainder when 142457 is divided by 49.
14
What is the remainder when 1119 is divided by 549?
21
What is the remainder when 1104 is divided by 459?
186
Calculate the remainder when 955882 is divided by 1710.
1702
What is the remainder when 408742 is divided by 13?
9
Calculate the remainder when 215752 is divided by 588.
544
What is the remainder when 1398 is divided by 327?
90
Calculate the remainder when 6735 is divided by 318.
57
What is the remainder when 3209 is divided by 221?
115
What is the remainder when 594 is divided by 32?
18
What is the remainder when 27716 is divided by 140?
136
Calculate the remainder when 80778 is divided by 14.
12
What is the remainder when 2720253 is divided by 154?
151
Calculate the remainder when 97172 is divided by 101.
10
What is the remainder when 10287 is divided by 31?
26
Calculate the remainder when 1384 is divided by 377.
253
What is the remainder when 110108 is divided by 11?
9
Calculate the remainder when 67292 is divided by 874.
868
Calculate the remainder when 24457 is divided by 138.
31
What is the remainder when 312257 is divided by 104084?
5
What is the remainder when 416010 is divided by 37?
19
Calculate the remainder when 1227 is divided by 117.
57
Calculate the remainder when 2306239 is divided by 9.
7
What is the remainder when 6267 is divided by 72?
3
Calculate the remainder when 99633 is divided by 1444.
1441
Calculate the remainder when 3159 is divided by 245.
219
What is the remainder when 68925 is divided by 17219?
49
What is the remainder when 290 is divided by 42?
38
What is the remainder when 26259 is divided by 18?
15
Calculate the remainder when 105982 is divided by 118.
18
Calculate the remainder when 485 is divided by 481.
4
Calculate the remainder when 21238 is divided by 9.
7
What is the remainder when 3982 is divided by 123?
46
What is the remainder when 48314 is divided by 53?
31
Calculate the remainder when 22840 is divided by 9.
7
Calculate the remainder when 31991 is divided by 186.
185
Calculate the remainder when 7238 is divided by 7237.
1
What is the remainder when 9492 is divided by 4731?
30
What is the remainder when 49398 is divided by 19?
17
What is the remainder when 159828 is divided by 1080?
1068
What is the remainder when 205007 is divided by 273?
257
What is the remainder when 53470 is divided by 786?
22
Calculate the remainder when 1155807 is divided by 6457.
4
What is the remainder when 1786 is divided by 1782?
4
What is the remainder when 72915 is divided by 145?
125
What is the remainder when 1458 is divided by 3?
0
What is the remainder when 10114 is divided by 2477?
206
What is the remainder when 11357 is divided by 1892?
5
Calculate the remainder when 179188 is divided by 243.
97
What is the remainder when 414 is divided by 192?
30
Calculate the remainder when 1692 is divided by 25.
17
Calculate the remainder when 509214 is divided by 492.
486
Calculate the remainder when 2077 is divided by 406.
47
Calculate the remainder when 4733 is divided by 251.
215
Calculate the remainder when 8112 is divided by 69.
39
What is the remainder when 40334 is divided by 20?
14
What is the remainder when 37212 is divided by 188?
176
What is the remainder when 88410 is divided by 3157?
14
What is the remainder when 628116 is divided by 909?
906
What is the remainder when 1596 is divided by 1550?
46
What is the remainder when 2295 is divided by 63?
27
Calculate the remainder when 296570 is divided by 514.
506
What is the remainder when 20828 is divided by 1481?
94
Calculate the remainder when 167437 is divided by 1550.
37
Calculate the remainder when 1242 is divided by 172.
38
What is the remainder when 108664 is divided by 57?
22
Calculate the remainder when 10784 is divided by 130.
124
What is the remainder when 62392 is divided by 26?
18
What is the remainder when 18529 is divided by 6175?
4
Calculate the remainder when 17814 is divided by 599.
443
Calculate the remainder when 70343 is divided by 55.
53
What is the remainder when 10668 is divided by 318?
174
What is the remainder when 20743 is divided by 135?
88
Calculate the remainder when 8124 is divided by 69.
51
What is the remainder when 88474 is divided by 12633?
43
What is the remainder when 150041 is divided by 102?
101
What is the remainder when 7357 is divided by 200?
157
Calculate the remainder when 870458 is divided by 51203.
7
What is the remainder when 6644 is divided by 316?
8
Calculate the remainder when 18892 is divided by 141.
139
Calculate the remainder when 43461 is divided by 93.
30
Calculate the remainder when 169613 is divided by 56470.
203
Calculate the remainder when 11235 is divided by 44.
15
What is the remainder when 284448 is divided by 77?
10
Calculate the remainder when 336623 is divided by 6.
5
Calculate the remainder when 291303 is divided by 12665.
8
Calculate the remainder when 10887 is divided by 467.
146
What is the remainder when 9961 is divided by 17?
16
What is the remainder when 19906 is divided by 4969?
30
What is the remainder when 9887 is divided by 444?
119
What is the remainder when 2637 is divided by 156?
141
What is the remainder when 327 is divided by 24?
15
Calculate the remainder 